 of 828?
2, 3, 23
What are the prime factors of 101923?
227, 449
What are the prime factors of 748?
2, 11, 17
What are the prime factors of 1457?
31, 47
What are the prime factors of 90748?
2, 7, 463
What are the prime factors of 15933?
3, 47, 113
List the prime factors of 957.
3, 11, 29
List the prime factors of 1432.
2, 179
List the prime factors of 2989.
7, 61
What are the prime factors of 33800?
2, 5, 13
List the prime factors of 3792.
2, 3, 79
What are the prime factors of 5133?
3, 29, 59
What are the prime factors of 2636?
2, 659
What are the prime factors of 5788?
2, 1447
What are the prime factors of 6490?
2, 5, 11, 59
List the prime factors of 48450.
2, 3, 5, 17, 19
List the prime factors of 12815.
5, 11, 233
List the prime factors of 1466.
2, 733
What are the prime factors of 942?
2, 3, 157
What are the prime factors of 37853?
37853
List the prime factors of 37867.
19, 1993
What are the prime factors of 136043?
136043
List the prime factors of 554.
2, 277
What are the prime factors of 382?
2, 191
List the prime factors of 17873.
61, 293
What are the prime factors of 1096?
2, 137
List the prime factors of 2734.
2, 1367
List the prime factors of 50.
2, 5
List the prime factors of 94852.
2, 23, 1031
What are the prime factors of 5318?
2, 2659
What are the prime factors of 382?
2, 191
List the prime factors of 48384.
2, 3, 7
List the prime factors of 1718.
2, 859
List the prime factors of 1014.
2, 3, 13
What are the prime factors of 1363?
29, 47
List the prime factors of 88894.
2, 13, 263
List the prime factors of 1212.
2, 3, 101
What are the prime factors of 6660?
2, 3, 5, 37
What are the prime factors of 2640?
2, 3, 5, 11
What are the prime factors of 372?
2, 3, 31
What are the prime factors of 454?
2, 227
List the prime factors of 11934.
2, 3, 13, 17
List the prime factors of 72.
2, 3
What are the prime factors of 21029?
17, 1237
What are the prime factors of 1024?
2
List the prime factors of 886.
2, 443
List the prime factors of 10431.
3, 19, 61
List the prime factors of 16328.
2, 13, 157
List the prime factors of 13805.
5, 11, 251
What are the prime factors of 2834?
2, 13, 109
List the prime factors of 16582.
2, 8291
What are the prime factors of 201?
3, 67
List the prime factors of 1857.
3, 619
What are the prime factors of 51899?
51899
List the prime factors of 586.
2, 293
What are the prime factors of 27459?
3, 113
What are the prime factors of 1525?
5, 61
What are the prime factors of 55406?
2, 13, 2131
What are the prime factors of 58404?
2, 3, 31, 157
List the prime factors of 4998.
2, 3, 7, 17
What are the prime factors of 2148?
2, 3, 179
List the prime factors of 8904.
2, 3, 7, 53
List the prime factors of 3289.
11, 13, 23
What are the prime factors of 743?
743
What are the prime factors of 19858?
2, 9929
List the prime factors of 3174.
2, 3, 23
What are the prime factors of 12791?
12791
What are the prime factors of 104013?
3, 7, 13, 127
What are the prime factors of 14277?
3, 4759
List the prime factors of 318.
2, 3, 53
What are the prime factors of 1915?
5, 383
What are the prime factors of 27114?
2, 3, 4519
What are the prime factors of 414?
2, 3, 23
List the prime factors of 55625.
5, 89
List the prime factors of 402.
2, 3, 67
List the prime factors of 54327.
3, 7, 13, 199
List the prime factors of 4479.
3, 1493
List the prime factors of 14169.
3, 4723
List the prime factors of 18471.
3, 47, 131
What are the prime factors of 28717?
13, 47
List the prime factors of 40162.
2, 43, 467
List the prime factors of 5920.
2, 5, 37
List the prime factors of 4502.
2, 2251
List the prime factors of 132554.
2, 191, 347
List the prime factors of 7038.
2, 3, 17, 23
List the prime factors of 70624.
2, 2207
List the prime factors of 1095.
3, 5, 73
What are the prime factors of 1021?
1021
What are the prime factors of 4609?
11, 419
What are the prime factors of 37652?
2, 9413
List the prime factors of 14969.
14969
List the prime factors of 22199.
79, 281
List the prime factors of 3324.
2, 3, 277
List the prime factors of 1061.
1061
What are the prime factors of 451?
11, 41
What are the prime factors of 33597?
3, 3733
List the prime factors of 3471.
3, 13, 89
List the prime factors of 675.
3, 5
List the prime factors of 612.
2, 3, 17
What are the prime factors of 42870?
2, 3, 5, 1429
What are the prime factors of 60112?
2, 13, 17
List the prime factors of 1112.
2, 139
What are the prime factors of 1409?
1409
What are the prime factors of 47975?
5, 19, 101
List the prime factors of 6696.
2, 3, 31
What are the prime factors of 78822?
2, 3, 29, 151
What are the prime factors of 6998?
2, 3499
List the prime factors of 13923.
3, 7, 13, 17
List the prime factors of 2618.
2, 7, 11, 17
What are the prime factors of 722?
2, 19
List the prime factors of 1055.
5, 211
List the prime factors of 201.
3, 67
List the prime factors of 19809.
3, 31, 71
What are the prime factors of 23876?
2, 47, 127
What are the prime factors of 656?
2, 41
List the prime factors of 10186.
2, 11, 463
What are the prime factors of 23588?
2, 5897
List the prime factors of 2028.
2, 3, 13
List the prime factors of 396.
2, 3, 11
What are the prime factors of 338?
2, 13
List the prime factors of 92934.
2, 3, 1721
What are the prime factors of 31060?
2, 5, 1553
What are the prime factors of 35?
5, 7
List the prime factors of 3178.
2, 7, 227
List the prime factors of 1029.
3, 7
List the prime factors of 2437.
2437
List the prime factors of 7308.
2, 3, 7, 29
List the prime factors of 1221.
3, 11, 37
What are the prime factors of 463?
463
List the prime factors of 9489.
3, 3163
List the prime factors of 3752.
2, 7, 67
What are the prime factors of 49605?
3, 5, 3307
List the prime factors of 894.
2, 3, 149
What are the prime factors of 6172?
2, 1543
What are the prime factors of 4045?
5, 809
What are the prime factors of 4324?
2, 23, 47
List the prime factors of 20948.
2, 5237
List the prime factors of 2997.
3, 37
List the prime factors of 522.
2, 3, 29
List the prime factors of 4077.
3, 151
List the prime factors of 989.
23, 43
List the prime factors of 4943.
4943
What are the prime factors of 2000?
2, 5
List the prime factors of 690.
2, 3, 5, 23
List the prime factors of 25575.
3, 5, 11, 31
What are the prime factors of 2119?
13, 163
List the prime factors of 1302.
2, 3, 7, 31
What are the prime factors of 6662?
2, 3331
List the prime factors of 22023.
3, 2447
What are the prime factors of 129297?
3, 7, 47, 131
What are the prime factors of 21704?
2, 2713
What are the prime factors of 1056?
2, 3, 11
What are the prime factors of 50131?
50131
List the prime factors of 16784.
2, 1049
List the prime factors of 113200.
2, 5, 283
What are the prime factors of 897?
3, 13, 23
What are the prime factors of 9413?
9413
List the prime factors of 4108.
2, 13, 79
List the prime factors of 69094.
2, 179, 193
What are the prime factors of 28057?
28057
List the prime factors of 2803.
2803
What are the prime factors of 48987?
3, 5443
What are the prime factors of 90565?
5, 59, 307
List the prime factors of 3794.
2, 7, 271
What are the prime factors of 5930?
2, 5, 593
What are the prime factors of 3461?
3461
What are the prime factors of 65679?
3, 21893
What are the prime factors of 21478?
2, 10739
List the prime factors of 2725.
5, 109
What are the prime factors of 314?
2, 157
List the prime factors of 179033.
179033
What are the prime factors of 23339?
23339
List the prime factors of 869.
11, 79
List the prime factors of 5041.
71
List the prime factors of 577.
577
What are the prime factors of 1051?
1051
What are the prime factors of 244?
2, 61
List the prime factors of 57203.
57203
What are the prime factors of 22540?
2, 5, 7, 23
What are the prime factors of 6988?
2, 1747
List the prime factors of 5601.
3, 1867
List the prime factors of 6062.
2, 7, 433
List the prime factors of 1469.
13, 113
What are the prime factors of 484?
2, 11
What are the prime factors of 1458?
2, 3
What are the prime factors of 2633?
2633
List the prime factors of 55225.
5, 47
List the prime factors of 95.
5, 19
What are the prime factors of 3189?
3, 1063
List the prime factors of 39.
3, 13
List the prime factors of 2121.
3, 7, 101
What are the prime factors of 643?
643
What are the prime factors of 563?
563
List the 